der when l(10) is divided by j?
13
Suppose -5*y + 132 = 4*s + 40, -6 = -2*s. Let w(r) = r**3 + 6*r**2 + 2*r + 7. What is the remainder when w(-3) is divided by y?
12
Suppose 84 - 14 = 5*v. Suppose 2*p - 53 = 51. Calculate the remainder when p is divided by v.
10
Let u = -760 - -848. What is the remainder when u is divided by 17?
3
Suppose -2*k = -k - 2*z - 23, -3*k + 58 = 5*z. What is the remainder when 227 is divided by k?
17
Suppose 2*b = -b - 9, -5*b = 3*k + 15. Suppose 2*x - 52 = -2*x + 4*j, k = 4*x + 5*j - 16. What is the remainder when 26 is divided by x?
8
Let j(i) = 42*i - 3. Let u be j(4). Let o = -81 + u. What is the remainder when o is divided by 17?
16
Let f(x) = -17*x + 80. Let b(o) = 4*o - 20. Let g(u) = -22*b(u) - 6*f(u). Calculate the remainder when 4*(-2)/((-16)/58) is divided by g(4).
13
Suppose 355 = 3*g - 4*x, -4*x + 347 = 3*g - 0*x. What is the remainder when g is divided by 21?
12
Let m be 74 + (-143)/(-13) + 3*1. Suppose -m = -4*z + 4*n, -2*n - n - 116 = -5*z. Let s = -7 + 18. What is the remainder when z is divided by s?
3
Let l(p) be the first derivative of 4*p + 1 - 1/3*p**3 + 7/2*p**2. What is the remainder when 39 is divided by l(6)?
9
Suppose -4*c = -1 - 3. Let t(g) = 99*g**3 + g**2 - g + 1. Let k be t(c). Suppose -k = -5*r - 0*r. What is the remainder when 77 is divided by r?
17
Suppose 4*n - 32 = 5*t, -40*t + 45*t + 11 = -3*n. Calculate the remainder when 168 is divided by n.
0
Let t(q) = q**3 - 8*q**2 + 7*q + 17. Let b(m) = m**3 - 7*m**2 + 7*m + 18. Let p(f) = 3*b(f) - 4*t(f). Calculate the remainder when 31 is divided by p(10).
15
Let x(q) be the first derivative of -q**3/3 - 9*q**2 - 20*q + 11. Calculate the remainder when x(-11) is divided by 15.
12
Suppose 5*f + 104 = 4*k, 3*k - 18*f = -21*f + 51. Calculate the remainder when (1 - 2)/(2/(-204)) is divided by k.
18
Let p(m) = 9*m**3 + 2*m**2 - 2*m + 2. What is the remainder when p(2) is divided by 40?
38
Let y be 22/(-99) - (454/(-18) - -3). Suppose -n - 5*r = 45, -4*n - r - 3*r - 100 = 0. Let s = y + n. What is the remainder when 2 is divided by s?
0
Calculate the remainder when (-410312)/(-680) + 4/(-10) is divided by 6.
3
Let c be 1488/(-12)*2/(-8). Suppose 0 = -2*k - 3*f + 39, 4*k = -f + c + 72. Calculate the remainder when k is divided by 7.
6
Let p(t) = t**3 + 19*t**2 - 38*t + 96. Calculate the remainder when 74 is divided by p(-21).
2
Suppose 30*i = 34*i. Suppose -2*n - 3*n = i, 4*n - 152 = -4*g. Calculate the remainder when g is divided by 14.
10
What is the remainder when ((-945)/20 - -5)/((-2)/8) is divided by 34?
33
Let n(q) = q**2 + 5*q - 23. What is the remainder when n(8) is divided by 21?
18
Let b = 3366 - 2044. Calculate the remainder when b is divided by 147.
146
Let s(h) = h - 10. Let x be s(3). Let l = 2 - x. Calculate the remainder when l is divided by 4.
1
Let t(g) = -g + 2. Let d be t(-5). Suppose d*w - 6*w = -50. Let a = -27 - w. Calculate the remainder when a is divided by 9.
5
Suppose -63 = 6*i - 75. Calculate the remainder when i is divided by (-3)/2*(-24)/18.
0
Let s = 2312 + -2178. Calculate the remainder when s is divided by 112.
22
Let j(c) = -8*c + 12. Let p be j(3). What is the remainder when ((-6852)/(-21))/4 - p/28 is divided by 29?
24
Let g be ((-5)/10)/((-1)/24). Suppose 0*z = -u - 2*z + g, 0 = 2*u - 2*z - 42. What is the remainder when (-21)/((-5)/((-100)/(-6))) is divided by u?
16
Suppose 0 = -7*l + 1104 - 334. Let f(o) = 5*o**2 - 1. Let i be f(3). Let h = -16 + i. What is the remainder when l is divided by h?
26
Let s be 162533/279 - 4/(-9). Suppose 22*l + 77 - s = 0. What is the remainder when (-4)/6 - (-137)/3 is divided by l?
22
Let h(q) = -q**3 + 10*q**2 - 7*q - 29. Calculate the remainder when h(8) is divided by 30.
13
Suppose 3*j - 205 = -2*j. Suppose -6*u = -j - 7. Suppose 3*w - 16 - u = 0. Calculate the remainder when 15 is divided by w.
7
Let g = 17 + 37. Let o(h) = h**3 + 7*h**2 - 3*h + 7. Calculate the remainder when g is divided by o(-7).
26
Let x(k) = -k + 19. Let f be x(11). Suppose t = -0*t + f. What is the remainder when 30 is divided by t?
6
Let u(q) = q**3 + 6*q**2 - 10*q + 24. What is the remainder when u(-6) is divided by 25?
9
Let j = 146 - 56. What is the remainder when 15 is divided by 2*(j/12 + -3)?
6
Let r = -130 + 294. What is the remainder when r is divided by 21?
17
What is the remainder when ((-160)/(-24))/((-1)/30*-2) is divided by 22?
12
Let y(b) = b - 6. Let d be y(6). Suppose 0 = 4*s + h - 348, -s - s - h + 174 = d. Calculate the remainder when 17 is divided by s/9 + 1/3.
7
Suppose 0 = -3*r + 4*r - 10. Suppose -5*y + 29 = -2*w - 36, -y + 5*w - r = 0. What is the remainder when y is divided by -12*((-20)/12 + 1)?
7
Let u be 1/2*34*1. Let g(c) = -2*c**2 + 45*c + 17. What is the remainder when g(u) is divided by 41?
40
Let z(u) = 3*u + 5. Let o be z(0). Suppose -h - 2*h + 170 = o*f, 153 = 4*f - h. Calculate the remainder when f is divided by 10.
7
Let t = -546 + 611. Calculate the remainder when t is divided by 21.
2
Calculate the remainder when 154 is divided by (-591)/(-19) + 2260/190 + -12.
30
Calculate the remainder when 154 is divided by (1/(-1))/(8/((-5616)/9)).
76
Let s = -90 - -84. What is the remainder when 97 is divided by s/(-27) - (-2 + (-615)/27)?
22
Calculate the remainder when (-1 + (-7)/2)*(-608)/24 is divided by 24.
18
Let h(w) = -w. Let u be h(0). Suppose u = s - 6*s + 15. Let k(m) = -2*m - 1. Calculate the remainder when s is divided by k(-2).
0
Calculate the remainder when (105/(-10))/(2/(-4)) is divided by 15.
6
Suppose -2*p + 4*x = -8, 3*p - 30 = -2*p + 5*x. Calculate the remainder when 68 is divided by p.
4
Suppose -5*d = 4*a - 1192, -d + 298 = a - 6*d. Calculate the remainder when a is divided by 20.
18
Let f be ((-1)/(-2))/(-1)*-126. Suppose -4*t + f = -3*t. Suppose -37 = -5*l + t. Calculate the remainder when l is divided by 11.
9
Let k(l) = -l**3 + 11*l**2 - l - 13. Calculate the remainder when k(9) is divided by 14.
0
Let s(c) = 2*c**3 + 44*c**2 - 8*c - 19. What is the remainder when s(-22) is divided by 18?
13
Let b = -92 - -219. What is the remainder when b is divided by 65?
62
Calculate the remainder when 195 is divided by (11 - 23)*(-2)/3.
3
Let b(f) = 5*f**2 - 9*f + 8. What is the remainder when 109 is divided by b(2)?
9
Let k = -7 + 20. Suppose -2*l - 5 = -p, -15 = -4*p + 5*l + 5. What is the remainder when 276/(-15)*-2 - (-1)/p is divided by k?
11
Let k = -336 - -380. Calculate the remainder when 58 is divided by k.
14
Suppose 0 = -14*v + 138 + 212. Suppose i - 21 = -5*f, 164 = 5*i - i + 4*f. Calculate the remainder when i is divided by v.
21
Let a = -333 - -363. Calculate the remainder when 102 is divided by a.
12
Calculate the remainder when 798 is divided by ((-32)/(-3))/((65/(-15))/(-13)).
30
Let j be 2*(-7)/(14/(-4)). Suppose -5*q = j*d - 59, d = q - 6*q + 56. Calculate the remainder when q is divided by 6.
5
Let a(m) = -4*m - 22. Let j be a(-8). Let c = 4 + -10. Let s = c + j. What is the remainder when 4 is divided by s?
0
Suppose 0 = -5*a - 2*k + 4, -k = -0*k + 3. Suppose 4*y = -4*z - 16, 5*z + y + 9 = -15. Let f = a - z. Calculate the remainder when 12 is divided by f.
5
Suppose -4*c + 12 = 0, 16*c - 17*c + 12 = 3*w. What is the remainder when 7 is divided by w?
1
Let d = -145 + 157. Let x(p) = 13*p - 7. Calculate the remainder when x(6) is divided by d.
11
Let n(l) = l**3 + l**2 + 10*l + 70. What is the remainder when n(0) is divided by 24?
22
Let j(z) = -z + 1. Suppose 0 = -2*q + 4*q - 8. Let v be j(q). Let t(s) = -11*s + 2. What is the remainder when t(v) is divided by 9?
8
Suppose -8 = -4*u, z - 17 = 4*u - 6*u. Calculate the remainder when 38 is divided by z.
12
Suppose 582 = 5*a - j, j - 271 - 307 = -5*a. Calculate the remainder when 141 is divided by a.
25
Let v = 11 - 7. Suppose u + v*b - 1 = -3, 1 = u + b. Calculate the remainder when 30 is divided by (3 - 22/(-2)) + u.
14
Suppose 12*o - 16*o - 96 = -2*c, 0 = -2*c - 5*o + 141. Calculate the remainder when 230 is divided by c.
56
Let m(b) = -b**2 + 36*b - 73. Calculate the remainder when 727 is divided by m(33).
25
Suppose 2*x - 30 = -0*x + t, 3*x = 3*t + 39. Let i be 3/6*-2 + 173 + -7. Let b = i - 99. Calculate the remainder when b is divided by x.
15
Suppose -c - 5*r = -2*r - 26, -c +